{"id":134,"date":"2020-12-08T20:35:35","date_gmt":"2020-12-08T19:35:35","guid":{"rendered":"https:\/\/etno-rewitalizacje.lodzjews.org\/?page_id=134"},"modified":"2020-12-08T21:06:38","modified_gmt":"2020-12-08T20:06:38","slug":"lask","status":"publish","type":"page","link":"https:\/\/etno-rewitalizacje.lodzjews.org\/?page_id=134","title":{"rendered":"\u0141ask"},"content":{"rendered":"\n<div class=\"wp-block-image\"><figure class=\"aligncenter size-large\"><img loading=\"lazy\" width=\"471\" height=\"303\" src=\"https:\/\/etno-rewitalizacje.lodzjews.org\/wp-content\/uploads\/2020\/12\/lask3.jpg\" alt=\"\" class=\"wp-image-135\" srcset=\"https:\/\/etno-rewitalizacje.lodzjews.org\/wp-content\/uploads\/2020\/12\/lask3.jpg 471w, https:\/\/etno-rewitalizacje.lodzjews.org\/wp-content\/uploads\/2020\/12\/lask3-300x193.jpg 300w, https:\/\/etno-rewitalizacje.lodzjews.org\/wp-content\/uploads\/2020\/12\/lask3-180x116.jpg 180w\" sizes=\"(max-width: 471px) 100vw, 471px\" \/><figcaption><strong><span class=\"has-inline-color has-black-color\"><\/span><\/strong><\/figcaption><\/figure><\/div>\n\n\n\n<p class=\"has-text-align-center has-black-color has-text-color has-medium-font-size\"><strong>SZKO\u0141Y \u017bYDOWSKIE<\/strong><\/p>\n\n\n\n<p class=\"has-black-color has-text-color has-normal-font-size\">Przed wojn\u0105 w \u0141asku istnia\u0142o prawdopodobnie oko\u0142o 7 szk\u00f3\u0142 \u017cydowskich. Niestety nieznane jest po\u0142o\u017cenie wszystkich. Jedn\u0105 z nich by\u0142a szko\u0142a o nazwie Stowarzyszenie \u017bydowskiej Szko\u0142y Religijnej \u201eJesodej Hatora\u201d (Zasady Wiary), mieszcz\u0105ca si\u0119 przy placu 11 Listopada 31 lub 35. By\u0142a to szko\u0142a m\u0119ska, j\u0119zykiem wyk\u0142adowym by\u0142 polski.<br>Natomiast najwi\u0119ksz\u0105 szko\u0142\u0105 by\u0142a siedmioklasowa publiczna Szko\u0142a Powszechna nr 2 w \u0141asku. Znajdowa\u0142a si\u0119 na ulicy Warszawskiej 10 (miejsce budynku Zespo\u0142u Szk\u00f3\u0142 Ponadgimnazjalnych nr 2). Mia\u0142a charakter koedukacyjny, j\u0119zykiem wyk\u0142adowym by\u0142 j\u0119zyk polski.<\/p>\n\n\n\n<hr class=\"wp-block-separator\"\/>\n\n\n\n<p><\/p>\n\n\n\n<p><\/p>\n\n\n\n<div class=\"wp-block-image\"><figure class=\"aligncenter size-large is-resized\"><img loading=\"lazy\" src=\"https:\/\/etno-rewitalizacje.lodzjews.org\/wp-content\/uploads\/2020\/12\/lask5-3.jpg\" alt=\"\" class=\"wp-image-136\" width=\"397\" height=\"254\" srcset=\"https:\/\/etno-rewitalizacje.lodzjews.org\/wp-content\/uploads\/2020\/12\/lask5-3.jpg 793w, https:\/\/etno-rewitalizacje.lodzjews.org\/wp-content\/uploads\/2020\/12\/lask5-3-300x192.jpg 300w, https:\/\/etno-rewitalizacje.lodzjews.org\/wp-content\/uploads\/2020\/12\/lask5-3-768x491.jpg 768w, https:\/\/etno-rewitalizacje.lodzjews.org\/wp-content\/uploads\/2020\/12\/lask5-3-181x116.jpg 181w\" sizes=\"(max-width: 397px) 100vw, 397px\" \/><\/figure><\/div>\n\n\n\n<p class=\"has-text-align-center has-black-color has-text-color has-medium-font-size\"><strong>SYNAGOGA, UL. STRA\u017bACKA<\/strong><\/p>\n\n\n\n<p class=\"has-black-color has-text-color has-normal-font-size\">Pierwsza, drewniana synagoga zbudowana zosta\u0142a jeszcze w XVIII w. Sp\u0142on\u0119\u0142a w po\u017carze miasta w 1747 r., odbudowano j\u0105 w 1752 r. Murowana synagoga wzniesiona zosta\u0142a pod koniec XIX w.na planie prostok\u0105ta. Jej budowniczym by\u0142 Benjamin Hillel. Podczas II wojny \u015bwiatowej Niemcy urz\u0105dzili w synagodze rze\u017ani\u0119 dla koni, co ocali\u0142o budynek przed zniszczeniem. Po zako\u0144czeniu II wojny \u015bwiatowej synagoga zaadaptowana zosta\u0142a na remiz\u0119 Ochotniczej Stra\u017cy Po\u017carnej w \u0141asku. Obecnie w wyniku przebud\u00f3w z zewn\u0119trznego wygl\u0105du budynku nic si\u0119 nie zachowa\u0142o, a pierwotny uk\u0142ad wn\u0119trza jest nieczytelny i niemo\u017cliwy<br>do odtworzenia.<\/p>\n\n\n\n<hr class=\"wp-block-separator\"\/>\n\n\n\n<div class=\"wp-block-image\"><figure class=\"aligncenter size-large is-resized\"><img loading=\"lazy\" src=\"https:\/\/etno-rewitalizacje.lodzjews.org\/wp-content\/uploads\/2020\/12\/lask6-1024x669.jpg\" alt=\"\" class=\"wp-image-137\" width=\"512\" height=\"335\" srcset=\"https:\/\/etno-rewitalizacje.lodzjews.org\/wp-content\/uploads\/2020\/12\/lask6-1024x669.jpg 1024w, https:\/\/etno-rewitalizacje.lodzjews.org\/wp-content\/uploads\/2020\/12\/lask6-300x196.jpg 300w, https:\/\/etno-rewitalizacje.lodzjews.org\/wp-content\/uploads\/2020\/12\/lask6-768x502.jpg 768w, https:\/\/etno-rewitalizacje.lodzjews.org\/wp-content\/uploads\/2020\/12\/lask6-178x116.jpg 178w, https:\/\/etno-rewitalizacje.lodzjews.org\/wp-content\/uploads\/2020\/12\/lask6.jpg 1500w\" sizes=\"(max-width: 512px) 100vw, 512px\" \/><\/figure><\/div>\n\n\n\n<p class=\"has-text-align-center has-black-color has-text-color has-medium-font-size\"><strong>MYKWA, UL. STRA\u017bACKA<\/strong><\/p>\n\n\n\n<p class=\"has-black-color has-text-color has-normal-font-size\">Znajdowa\u0142a si\u0119 na p\u00f3\u0142noc od budynku synagogi. Obecnie nie istnieje.<\/p>\n\n\n\n<hr class=\"wp-block-separator\"\/>\n\n\n\n<figure class=\"wp-block-gallery columns-2 is-cropped\"><ul class=\"blocks-gallery-grid\"><li class=\"blocks-gallery-item\"><figure><img loading=\"lazy\" width=\"1024\" height=\"656\" src=\"https:\/\/etno-rewitalizacje.lodzjews.org\/wp-content\/uploads\/2020\/12\/lask7-1-1024x656.jpg\" alt=\"\" data-id=\"138\" data-full-url=\"https:\/\/etno-rewitalizacje.lodzjews.org\/wp-content\/uploads\/2020\/12\/lask7-1.jpg\" data-link=\"https:\/\/etno-rewitalizacje.lodzjews.org\/?attachment_id=138\" class=\"wp-image-138\" srcset=\"https:\/\/etno-rewitalizacje.lodzjews.org\/wp-content\/uploads\/2020\/12\/lask7-1-1024x656.jpg 1024w, https:\/\/etno-rewitalizacje.lodzjews.org\/wp-content\/uploads\/2020\/12\/lask7-1-300x192.jpg 300w, https:\/\/etno-rewitalizacje.lodzjews.org\/wp-content\/uploads\/2020\/12\/lask7-1-768x492.jpg 768w, https:\/\/etno-rewitalizacje.lodzjews.org\/wp-content\/uploads\/2020\/12\/lask7-1-181x116.jpg 181w, https:\/\/etno-rewitalizacje.lodzjews.org\/wp-content\/uploads\/2020\/12\/lask7-1.jpg 1100w\" sizes=\"(max-width: 1024px) 100vw, 1024px\" \/><\/figure><\/li><li class=\"blocks-gallery-item\"><figure><img loading=\"lazy\" width=\"1024\" height=\"768\" src=\"https:\/\/etno-rewitalizacje.lodzjews.org\/wp-content\/uploads\/2020\/12\/lask7-2-1024x768.jpg\" alt=\"\" data-id=\"139\" data-full-url=\"https:\/\/etno-rewitalizacje.lodzjews.org\/wp-content\/uploads\/2020\/12\/lask7-2.jpg\" data-link=\"https:\/\/etno-rewitalizacje.lodzjews.org\/?attachment_id=139\" class=\"wp-image-139\" srcset=\"https:\/\/etno-rewitalizacje.lodzjews.org\/wp-content\/uploads\/2020\/12\/lask7-2-1024x768.jpg 1024w, https:\/\/etno-rewitalizacje.lodzjews.org\/wp-content\/uploads\/2020\/12\/lask7-2-300x225.jpg 300w, https:\/\/etno-rewitalizacje.lodzjews.org\/wp-content\/uploads\/2020\/12\/lask7-2-768x576.jpg 768w, https:\/\/etno-rewitalizacje.lodzjews.org\/wp-content\/uploads\/2020\/12\/lask7-2-155x116.jpg 155w, https:\/\/etno-rewitalizacje.lodzjews.org\/wp-content\/uploads\/2020\/12\/lask7-2.jpg 1500w\" sizes=\"(max-width: 1024px) 100vw, 1024px\" \/><\/figure><\/li><\/ul><\/figure>\n\n\n\n<p class=\"has-text-align-center has-black-color has-text-color has-medium-font-size\"><strong>KO\u015aCI\u00d3\u0141 PW. \u015aW. DUCHA<\/strong><\/p>\n\n\n\n<p class=\"has-black-color has-text-color has-normal-font-size\">\u015awi\u0105tyni\u0119 wzniesiono w 1666 r. (data na belce t\u0119czowej), na miejscu drewnianej kaplicy, kt\u00f3ra sp\u0142on\u0119\u0142a w 1665 r. Zbudowano go z modrzewiowych bali, w konstrukcji zr\u0119bowej, a wn\u0119trza podzielono na trzy nawy. Pokryty gontem dach ma szeroki okap i zwie\u0144czony jest sygnaturk\u0105. Prezbiterium zwr\u00f3cono ku zachodowi. Do ko\u0144ca XVIII w. u\u017cytkowany by\u0142 przez parafi\u0119 rzymskokatolick\u0105. Nast\u0119pnie w 1811 r. przekazany zosta\u0142 ewangelikom, kt\u00f3rzy u\u017cytkowali \u015bwi\u0105tyni\u0119 przez ponad 100 lat. Po wojnie (1932 r.), wn\u0119trza \u015bwi\u0105tyni wzbogaci\u0142y si\u0119 charakterystyczne zdobienia z morskich muszli i korali, kt\u00f3re dziedziczka pobliskiego Karszewa, Zofia Wehr, sprowadzi\u0142a z Sopotu i poleci\u0142a ozdobi\u0107 nimi mi\u0119dzy innymi o\u0142tarz, ambon\u0119 i chrzcielnic\u0119. <\/p>\n\n\n\n<p class=\"has-black-color has-text-color has-normal-font-size\">Po II wojnie \u015bwiatowej w latach 50. XX w. spo\u0142eczno\u015b\u0107 ewangelicka odprawia\u0142a nabo\u017ce\u0144stwa w ka\u017cd\u0105 ostatni\u0105 niedziel\u0119 miesi\u0105ca. Natomiast po odzyskaniu kamienicy przy placu 11 Listopada 35 i urz\u0105dzeniu w niej kaplicy, parafia ewangelicka zaprzesta\u0142a korzystania z ko\u015bcio\u0142a. Od lat 70. XX w. przez prawie 30 lat budynek sta\u0142 nieu\u017cytkowany. Remont przeprowadzono w latach 1990\u20131995<br>z inicjatywy Spo\u0142ecznego Komitetu Odnowy Ko\u015bci\u00f3\u0142ka pw. \u015awi\u0119tego Ducha. W 1989 r. \u015bwi\u0105tynia zosta\u0142a formalnie przej\u0119ta przez ko\u015bci\u00f3\u0142 rzymskokatolicki, a w 1993 r. erygowana zosta\u0142a parafia garnizonowa pw. \u015aw. Rafa\u0142a Archanio\u0142a.<\/p>\n\n\n\n<hr class=\"wp-block-separator\"\/>\n\n\n\n<div class=\"wp-block-image\"><figure class=\"aligncenter size-large is-resized\"><img loading=\"lazy\" src=\"https:\/\/etno-rewitalizacje.lodzjews.org\/wp-content\/uploads\/2020\/12\/lask8.jpg\" alt=\"\" class=\"wp-image-140\" width=\"338\" height=\"527\" srcset=\"https:\/\/etno-rewitalizacje.lodzjews.org\/wp-content\/uploads\/2020\/12\/lask8.jpg 450w, https:\/\/etno-rewitalizacje.lodzjews.org\/wp-content\/uploads\/2020\/12\/lask8-192x300.jpg 192w, https:\/\/etno-rewitalizacje.lodzjews.org\/wp-content\/uploads\/2020\/12\/lask8-74x116.jpg 74w\" sizes=\"(max-width: 338px) 100vw, 338px\" \/><\/figure><\/div>\n\n\n\n<p class=\"has-text-align-center has-black-color has-text-color has-medium-font-size\"><strong>CERKIEW NARODZENIA<br>NAJ\u015aWI\u0118TSZEJ MARII PANNY<\/strong><\/p>\n\n\n\n<p class=\"has-black-color has-text-color has-normal-font-size\">Pierwsz\u0105 cerkiew w mie\u015bcie zorganizowano w jednej z sal miejscowego szpitala. Natomiast murowana cerkiew wzniesiona zosta\u0142a z inicjatywy naczelnika powiatu Bogdanowa. Budow\u0119 rozpocz\u0119to w 1901 r. w miejscu zajmowanym wcze\u015bniej przez wyburzony w 1876 r. ko\u015bci\u00f3\u0142 \u015bwi\u0119tej Anny (teren u zbiegu obecnych ulic Warszawskiej i 9 Maja). Po ewakuacji Rosjan w sierpniu 1914 r. obiekt stopniowo popada\u0142 w ruin\u0119. W 1936 r. budynek cerkwi zosta\u0142 wykupiony przez w\u0142adze miasta i rozebrany w zwi\u0105zku z budow\u0105 pomnika niepodleg\u0142o\u015bci.<\/p>\n","protected":false},"excerpt":{"rendered":"<p>SZKO\u0141Y \u017bYDOWSKIE Przed wojn\u0105 w \u0141asku istnia\u0142o prawdopodobnie oko\u0142o 7 szk\u00f3\u0142 \u017cydowskich. Niestety nieznane jest po\u0142o\u017cenie wszystkich. Jedn\u0105 z nich by\u0142a szko\u0142a o nazwie Stowarzyszenie \u017bydowskiej Szko\u0142y Religijnej \u201eJesodej Hatora\u201d (Zasady Wiary), mieszcz\u0105ca si\u0119 przy placu 11 Listopada 31 lub 35. By\u0142a to szko\u0142a m\u0119ska, j\u0119zykiem wyk\u0142adowym by\u0142 polski.Natomiast najwi\u0119ksz\u0105 szko\u0142\u0105 by\u0142a siedmioklasowa publiczna Szko\u0142a<\/p>\n<div><a class=\"btn-filled btn\" href=\"https:\/\/etno-rewitalizacje.lodzjews.org\/?page_id=134\" title=\"\u0141ask\">Read More<\/a><\/div>\n","protected":false},"author":1,"featured_media":0,"parent":0,"menu_order":0,"comment_status":"closed","ping_status":"closed","template":"page-templates\/no-sidebar.php","meta":[],"_links":{"self":[{"href":"https:\/\/etno-rewitalizacje.lodzjews.org\/index.php?rest_route=\/wp\/v2\/pages\/134"}],"collection":[{"href":"https:\/\/etno-rewitalizacje.lodzjews.org\/index.php?rest_route=\/wp\/v2\/pages"}],"about":[{"href":"https:\/\/etno-rewitalizacje.lodzjews.org\/index.php?rest_route=\/wp\/v2\/types\/page"}],"author":[{"embeddable":true,"href":"https:\/\/etno-rewitalizacje.lodzjews.org\/index.php?rest_route=\/wp\/v2\/users\/1"}],"replies":[{"embeddable":true,"href":"https:\/\/etno-rewitalizacje.lodzjews.org\/index.php?rest_route=%2Fwp%2Fv2%2Fcomments&post=134"}],"version-history":[{"count":5,"href":"https:\/\/etno-rewitalizacje.lodzjews.org\/index.php?rest_route=\/wp\/v2\/pages\/134\/revisions"}],"predecessor-version":[{"id":166,"href":"https:\/\/etno-rewitalizacje.lodzjews.org\/index.php?rest_route=\/wp\/v2\/pages\/134\/revisions\/166"}],"wp:attachment":[{"href":"https:\/\/etno-rewitalizacje.lodzjews.org\/index.php?rest_route=%2Fwp%2Fv2%2Fmedia&parent=134"}],"curies":[{"name":"wp","href":"https:\/\/api.w.org\/{rel}","templated":true}]}}